der when 13172562 is divided by 179.
131
Calculate the remainder when 184736 is divided by 30534.
1532
Calculate the remainder when 610313 is divided by 203362.
227
What is the remainder when 1207052 is divided by 656?
12
Calculate the remainder when 510136691 is divided by 5072.
3
What is the remainder when 319169 is divided by 341?
334
Calculate the remainder when 120200 is divided by 59966.
268
Calculate the remainder when 43666370 is divided by 8557.
8556
What is the remainder when 1843829 is divided by 56?
29
Calculate the remainder when 58032 is divided by 58029.
3
What is the remainder when 4607912 is divided by 20?
12
Calculate the remainder when 4597230 is divided by 6162.
378
Calculate the remainder when 758198252 is divided by 22.
20
What is the remainder when 13634263 is divided by 49?
13
Calculate the remainder when 38559219 is divided by 85.
74
What is the remainder when 54735118 is divided by 27367556?
6
What is the remainder when 53141 is divided by 45106?
8035
Calculate the remainder when 25169590 is divided by 17.
2
What is the remainder when 8057755 is divided by 15?
10
Calculate the remainder when 43948922 is divided by 53.
50
What is the remainder when 11040079 is divided by 342?
319
What is the remainder when 104726347 is divided by 43491?
19
What is the remainder when 331189 is divided by 108131?
6796
What is the remainder when 48389 is divided by 24170?
49
What is the remainder when 12269628 is divided by 15129?
9
What is the remainder when 44475 is divided by 6778?
3807
Calculate the remainder when 2896468 is divided by 724089.
112
Calculate the remainder when 65469676 is divided by 6.
4
Calculate the remainder when 198743519 is divided by 40.
39
Calculate the remainder when 25894 is divided by 759.
88
Calculate the remainder when 5687288 is divided by 171.
170
Calculate the remainder when 136154 is divided by 68029.
96
What is the remainder when 614334692 is divided by 323?
320
What is the remainder when 433822 is divided by 4295?
27
Calculate the remainder when 45218092 is divided by 13.
10
Calculate the remainder when 43263 is divided by 2041.
402
Calculate the remainder when 123381851 is divided by 15.
11
What is the remainder when 1490498 is divided by 1800?
98
Calculate the remainder when 83772048 is divided by 628.
616
Calculate the remainder when 34021 is divided by 946.
911
Calculate the remainder when 26665198 is divided by 8888394.
16
What is the remainder when 498278 is divided by 27671?
200
What is the remainder when 1463492 is divided by 2269?
2256
What is the remainder when 3995345 is divided by 3995345?
0
Calculate the remainder when 3286933 is divided by 3286181.
752
What is the remainder when 8432155 is divided by 843214?
15
What is the remainder when 327560 is divided by 176?
24
Calculate the remainder when 1829149 is divided by 79.
62
Calculate the remainder when 67552302 is divided by 33776137.
28
What is the remainder when 1134547 is divided by 2306?
2301
Calculate the remainder when 16169582 is divided by 1313.
1300
What is the remainder when 210083 is divided by 4901?
4241
Calculate the remainder when 310106 is divided by 14761.
125
Calculate the remainder when 10561 is divided by 2624.
65
Calculate the remainder when 87650 is divided by 251.
51
What is the remainder when 1350754 is divided by 13925?
29
Calculate the remainder when 22551181 is divided by 560.
541
Calculate the remainder when 704977 is divided by 7340.
337
Calculate the remainder when 3571563 is divided by 901.
900
Calculate the remainder when 388172 is divided by 77056.
2892
What is the remainder when 1065902 is divided by 266467?
34
What is the remainder when 19565 is divided by 19010?
555
What is the remainder when 82163993 is divided by 5010?
5003
Calculate the remainder when 61218 is divided by 15180.
498
Calculate the remainder when 2129359 is divided by 1228.
7
Calculate the remainder when 125840 is divided by 3113.
1320
What is the remainder when 1027347 is divided by 268?
103
Calculate the remainder when 2334351 is divided by 291731.
503
What is the remainder when 68912573 is divided by 2656?
2653
What is the remainder when 2530107 is divided by 822?
813
What is the remainder when 199465 is divided by 9899?
1485
Calculate the remainder when 7198 is divided by 871.
230
Calculate the remainder when 90405919 is divided by 40.
39
Calculate the remainder when 2515896 is divided by 83863.
6
Calculate the remainder when 2127537 is divided by 13132.
153
What is the remainder when 174517 is divided by 3173?
2
Calculate the remainder when 103348 is divided by 723.
682
Calculate the remainder when 396306 is divided by 89.
78
Calculate the remainder when 1210345 is divided by 32711.
38
Calculate the remainder when 48795892 is divided by 1221.
1069
Calculate the remainder when 189824 is divided by 94879.
66
What is the remainder when 224295 is divided by 20362?
313
What is the remainder when 73548369 is divided by 2363?
2357
Calculate the remainder when 1361410 is divided by 2175.
2035
What is the remainder when 5211920 is divided by 67?
57
Calculate the remainder when 217772 is divided by 1078.
16
Calculate the remainder when 1344052 is divided by 14452.
16
What is the remainder when 122034 is divided by 38382?
6888
Calculate the remainder when 1544136622 is divided by 4.
2
Calculate the remainder when 167284 is divided by 2637.
1153
What is the remainder when 9416905 is divided by 440?
25
What is the remainder when 71781 is divided by 154?
17
What is the remainder when 174656322 is divided by 277673?
5
What is the remainder when 17218218 is divided by 291834?
12
Calculate the remainder when 5438790 is divided by 6023.
21
Calculate the remainder when 1778237 is divided by 444557.
9
Calculate the remainder when 9855119 is divided by 615944.
15
What is the remainder when 5466952 is divided by 321584?
24
Calculate the remainder when 798524598 is divided by 25.
23
Calculate the remainder when 34572159 is divided by 8643033.
27
Calculate the remainder when 1912355 is divided by 585.
575
Calculate the remainder when 711039 is divided by 199.
12
What is the remainder when 47820 is divided by 4069?
3061
Calculate the remainder when 52616 is divided by 8726.
260
Calculate the remainder when 688906058 is divided by 10.
8
What is the remainder when 122686 is divided by 4903?
111
What is the remainder when 493132 is divided by 895?
882
Calculate the remainder when 3746599 is divided by 5182.
13
What is the remainder when 10568374 is divided by 1433?
1432
Calculate the remainder when 66499538 is divided by 471.
461
Calculate the remainder when 67351 is divided by 217.
81
What is the remainder when 8726764 is divided by 8726756?
8
Calculate the remainder when 146463 is divided by 17882.
3407
Calculate the remainder when 2140897 is divided by 713630.
7
Calculate the remainder when 43536711 is divided by 38.
35
Calculate the remainder when 181387 is divided by 20136.
163
Calculate the remainder when 105137117 is divided by 656.
653
Calculate the remainder when 28926684 is divided by 189063.
45
What is the remainder when 16710 is divided by 3593?
2338
Calculate the remainder when 62760074 is divided by 342.
338
Calculate the remainder when 2045682 is divided by 12473.
110
What is the remainder when 64403 is divided by 1598?
483
What is the remainder when 4291740 is divided by 30223?
74
What is the remainder when 342806 is divided by 85313?
1554
Calculate the remainder when 15982962 is divided by 2663825.
12
Calculate the remainder when 41073288 is divided by 71.
1
What is the remainder when 1234379 is divided by 106?
9
What is the remainder when 162879 is divided by 2681?
2019
Calculate the remainder when 46619 is divided by 46610.
9
Calculate the remainder when 10088542 is divided by 280.
142
Calculate the remainder when 3412385 is divided by 336.
305
Calculate the remainder when 260121 is divided by 1079.
82
Calculate the remainder when 3969171 is divided by 661510.
111
What is the remainder when 2232649 is divided by 6?
1
What is the remainder when 2519891 is divided by 16257?
56
What is the remainder when 6067380 is divided by 99?
66
What is the remainder when 416523088 is divided by 6?
4
What is the remainder when 4678801 is divided by 116